. Suppose -s*i - 974 = -15*i. Is i a prime number?
True
Let i(z) be the third derivative of 7/12*z**4 + 7*z**2 - 8/3*z**3 + 0*z + 0. Is i(7) a composite number?
True
Suppose -13*q - 11435 = -18*q. Is q a composite number?
False
Let b be 10/(((-27)/(-192))/9). Let j = 1225 + b. Is j prime?
False
Suppose 0*g + 448 = -4*g. Let z = -65 + g. Is (z/6)/(3/(-6)) a prime number?
True
Let l be (-992)/12*(-9)/3. Suppose 0 = 2*z - 158 - l. Is z a composite number?
True
Suppose 0 = -46*x + 51*x + 4*h - 118603, -x + 23725 = 3*h. Is x a prime number?
True
Let p(c) = c**3 - c**2 + 11*c - 60. Is p(14) prime?
False
Let y(u) = u**2 - 2. Let o be y(-2). Suppose o*k = k. Suppose k = -0*g - 2*g + 886. Is g a prime number?
True
Suppose -26*z = -815221 - 114253. Is z prime?
False
Let l(h) = -62*h**3 - 7*h**2 - 6*h + 41. Is l(-6) prime?
True
Suppose 0 = -5*b - 14 + 39. Suppose b - 2 = -2*s + f, 3*s - 8 = 4*f. Let q(c) = 8*c**2 + 3*c - 1. Is q(s) composite?
True
Suppose -7*s + 11*s - 6532 = 0. Is s a prime number?
False
Let r = 9 + -9. Suppose 0 = u - 2*k + 12, 8*k - 3*k + 10 = r. Is (-3)/4 - 2044/u composite?
False
Let o be ((-12)/4)/((-6)/4). Let a(m) = 491*m - 9. Is a(o) a prime number?
False
Let c(s) = -s**3 - 3*s**2 + s - 1. Let k be c(-3). Let a be (1/(-1))/(2/k). Suppose -23 = -3*w + a*w. Is w a composite number?
False
Suppose n - 20 = -n + 2*i, -5 = 5*i. Suppose -q + 3*q = p - 253, n = 3*q. Is p a composite number?
True
Suppose -6*m + 536251 = 55*m. Is m composite?
True
Suppose 5*t + n = -470718 + 1822824, -540844 = -2*t - 2*n. Is t a prime number?
True
Let y be (1/2)/((-7)/(-28)). Suppose 2*p = 2*g + 5*p - 14, 0 = -y*g + 4*p. Suppose i = g*b - 862, 0 = 4*b - 3*i - i - 868. Is b a prime number?
False
Suppose -6*m = -m - 5. Let b(g) = 38*g + 83*g + 1 - 1. Is b(m) a prime number?
False
Suppose -3*c + 25691 = -5*t, -86*c = -82*c + 2*t - 34272. Is c prime?
False
Suppose 32 = 31*a + 1. Let o be (24/9)/(2/42). Let u = o - a. Is u composite?
True
Suppose 30*s - 11991 - 2979 = 0. Is s prime?
True
Suppose 3*m = 4*m + 26. Let u = m - -30. Suppose -2*t + 902 = -b, -337 + 2117 = u*t + 4*b. Is t a composite number?
False
Let j(w) be the second derivative of 14*w**3/3 - 19*w**2/2 + w. Let f(m) = -m**3 - 7*m**2 + 31*m + 16. Let s be f(-10). Is j(s) prime?
True
Let c(s) = s**2 - 2*s - 5. Let f be c(4). Let b be (f - 1) + (-42)/14. Is (b - (1 - 3)) + 126 composite?
False
Suppose 2*m = 5*o - 1 + 12, -o + 7 = -5*m. Let a be (26/o)/(1/3). Let x = 87 - a. Is x composite?
False
Let q = -9 - -28. Suppose 3*o + 7 = 5*d, -2*o = 2*o + 3*d + q. Is 3/((-3)/(-182)) + o a prime number?
False
Let j be (-11)/11 + 477/1. Let o be (-3 + 0)*j/(-3). Suppose -4*w + 963 = 5*x, -4*x + o = w - 290. Is x a prime number?
True
Let c = -1801 - -608. Let y = c + 1734. Is y a composite number?
False
Let s(m) = 47*m**2 - 3*m + 3. Let p = -8 - -10. Is s(p) a composite number?
True
Let u = -3 + 6. Suppose m - 992 = -2*x - 299, u*x = -m + 1039. Suppose -x = -p + 97. Is p composite?
False
Suppose 3*u = 2*u + 2. Suppose 5*v + u*n + 40 = 0, 4*v + 39 = -n - 2*n. Is 3*(-604)/v + -3 prime?
False
Let r = 3583 - 1866. Let p = r - 1006. Suppose -i + 159 = -0*i - 5*z, 0 = -5*i + 4*z + p. Is i prime?
True
Let k(d) = -1. Let x(q) = -30*q - 5. Let r = -16 + 18. Let y(z) = r*k(z) + x(z). Is y(-5) a prime number?
False
Let v(y) = y**3 + 13*y**2 - 2*y + 7. Let u be (-21)/42 - 25/2. Is v(u) prime?
False
Let o(k) = -3005*k - 1. Let f be o(1). Let p = -6634 - f. Is (p/(-12))/(5/15) a prime number?
True
Let d(q) = 22*q**2 - 165*q - 23. Is d(26) a prime number?
True
Let d = 46110 - 18475. Is d a prime number?
False
Let k(n) = 20475*n**3 + 2*n**2 - 3*n + 3. Is k(1) composite?
False
Let j be 2 - (-4 - (1 + -4)). Let o(z) = z**2 - 6*z - 1. Let m be o(j). Let g = 16 + m. Is g composite?
True
Let z(l) = 3*l**2 - 14*l + 14. Suppose 4*b - 615 = 5*h, -3*b + 0*h = 2*h - 467. Let x be 6/9 + b/15. Is z(x) a composite number?
False
Let l(r) = -2*r**3 + 9*r**2 + 5*r - 31. Is l(-14) composite?
False
Let j be 4012/9 - 1 - (-2)/9. Let g = j - 108. Is g composite?
False
Let y be 3 + (0 - -2 - 1). Suppose -8*r + 14988 = y*r. Is r a prime number?
True
Suppose -12*o + 75 = 3*o. Suppose o*x = -2*w - 0*x + 3806, 5*x = 5*w - 9515. Is w composite?
True
Suppose 9691 = 2*a - 919. Is a prime?
False
Let k(f) = -39*f + 7. Let g be 22/(-4) + 6/4 - 0. Is k(g) a prime number?
True
Let c = 4 - 6. Is 290 - ((-3)/(6/c) + -4) prime?
True
Let t = -3269 - -552. Let p = -1446 - t. Is p composite?
True
Let x = 74 + 1835. Is x a composite number?
True
Let t = -335 + 2. Let p = 678 - t. Is p a composite number?
True
Suppose a - 12 = -4. Suppose 2*t + 8 = 4*t, -a = 4*y - 4*t. Is (1 - y)*2355/(-3) a prime number?
False
Suppose -3*d = -16 - 8. Let z(f) = 346*f + 21. Is z(d) composite?
False
Is (-79786)/(-21) + -1 + (-2)/(-3) a composite number?
True
Let i be (-28)/(-6) - (-3)/9. Suppose i*r = 4*r + 6. Let o(k) = -k**3 + 7*k**2 - k + 7. Is o(r) a prime number?
True
Suppose -11 = k - 17. Suppose k*f = 10*f. Suppose f = 3*q - 2565 - 156. Is q a prime number?
True
Let o = 14 - 14. Let x(b) = 3 + 1 - 517*b - 2 + o. Is x(-1) prime?
False
Suppose 3*s + 0*s = 15. Suppose 5*v - s*w = 112 + 5038, -v + 3*w + 1040 = 0. Suppose 0 = -j + 6*j - v. Is j prime?
False
Is (3 + (-5)/2)*(-15 - -4589) a composite number?
False
Let h(m) = m + 2. Let d be h(6). Let s = d - 4. Suppose -v - 4 - s = -2*g, 5*v = 4*g - 16. Is g a prime number?
False
Let w(r) = r**2 - 11*r - 12. Let g be w(13). Is (-26)/91 + 30342/g a composite number?
True
Let b = 3319 - 1776. Is b a composite number?
False
Suppose -2*p = -s + 9207, -s - 5*p = -10212 + 1040. Is s a prime number?
False
Let c(n) = 5*n + 6. Let h(o) = 11*o + 13. Let b(s) = 9*c(s) - 4*h(s). Let t be b(-2). Suppose l - 391 = -t*l - j, 3*l - 5*j - 1205 = 0. Is l a composite number?
True
Let u(v) = -32*v + 190. Let z be u(-18). Let o = 5 - -18. Is (o + z)*2/6 a composite number?
False
Suppose -2*r - 36097 = -5*r + 4*n, -5*r + 2*n + 60157 = 0. Is r composite?
True
Suppose -49160 = -4*a - 4*p, a - 4*p - 3090 = 9195. Suppose 3*d + 2*l - 7379 = -0*l, -5*d - l + a = 0. Suppose d = 2*i + 179. Is i a composite number?
True
Suppose -d = d + 1720. Let c = 1267 + d. Is c a composite number?
True
Let g(k) = 123*k**3 + 18*k**2 + 4*k - 4. Is g(3) a prime number?
True
Let s(l) = l**3 - 6*l**2 + 4*l + 13. Let m be s(10). Suppose 2634 = 4*b + n + 831, -2*n = -b + m. Suppose -p - b = -o, 0*o - 4*o = 5*p - 1786. Is o prime?
True
Suppose 2*u - 1412 = -2*u. Let r = u + -536. Is 2/4 + r/(-6) composite?
False
Is (-3)/(-9) - 64*57/(-18) a prime number?
False
Is (1 - -1)/((-23)/(-23)) - -18831 a composite number?
True
Suppose -4*w - 6*h = -4*h - 454080, 3*w - h = 340555. Is w prime?
False
Let g = 39 + -29. Suppose 5*n - g = -2*j, -2*n = 4 - 0. Suppose 0 = -7*i + j*i - 438. Is i a composite number?
True
Let k(z) = -z - 2. Suppose -j + 4 - 1 = 0. Suppose 1 = -u - 2*n - 3, 4*n + 16 = -j*u. Is k(u) a composite number?
True
Let n = -11 - 9. Let s = -16 - n. Suppose -5*v + t = 2*t - 151, -s*t - 171 = -5*v. Is v composite?
False
Suppose -6*h + 5*h + 59837 = 2*o, -3*o - h = -89754. Is o a prime number?
True
Is -2 + (-4 - 19374/(-3)) + -3 composite?
False
Let m = 61 + 5. Suppose 4*s = m + 234. Suppose d + 0*d = -4*u + s, 6 = -2*u. Is d a composite number?
True
Let b = -369 + 204. Let q = 1378 + b. Is q a prime number?
True
Suppose 4*t - 44 = 6*t. Let d = 25 + t. Suppose 171 = 3*j + 3*f, 3*j - d*f = -103 + 250. Is j a prime number?
True
Suppose 4*a - 2610 = -5*j, -j + 0*j = 2. Is a composite?
True
Suppose -5 + 1 = -4*z. Is ((-1239)/63)/(z/(-3)) a composite number?
False
Let n be ((-4)/6)/((-12)/90). Suppose -n*y = -430 + 5. Is y composite?
True
Suppose 112175 = 8*o - 38537. Is o composite?
False
Let w(g) = g**3 - 10*g**2 + 8*g + 7. Let z be w(9). Let l = -1 + z. Is 8/(-4) + 84 + l prime?
True
Is (-3)/(-15) - 9020740/(-50) a prime number?
False
Let z(c) = 41*c**2 - 453*c - 21. Is z(-30) prime?
False
Let h(z) = -92*z - 4. Let r be -3 + (-3)/(12/8). Let d be h(r). Let j = -317 + d. Is j a composite number?
False
Suppose 2*x - 329 = 4*w + 137, 0 = 4*x - 3*w - 912. Let i = -103 + x. Suppose 0 = -5*k + 543 + i. Is k a prime number?
False
Suppose 4*y + 10917 = 3*w, 11*y = 4*w + 7*y - 14560. Is w